d(x) + 5*h(x). What is the units digit of a(f)?
2
Suppose 273*r + 64 = 271*r. Let g(o) = o**2 - 23*o - 148. What is the thousands digit of g(r)?
1
Let p = -3 - 9. Let u = 453 + -477. Let j = p - u. What is the units digit of j?
2
Suppose -6 = -3*r, -4*r = -269*c + 273*c - 17164. What is the tens digit of c?
8
Suppose -7653 - 43977 = -6*p. Suppose -p = -6*o - 2083. What is the hundreds digit of o?
0
Let m(q) = q**2 - 4*q. Suppose l = 7*t - 3*t - 15, t - 7 = -3*l. Let s be m(t). What is the tens digit of 24/6 - (-34 - s)?
3
Suppose 18223 + 12437 = 20*q. Suppose 5*n - 1911 = 3*u, -2*n + 6*n = u + q. What is the hundreds digit of n?
3
Suppose -31*m - 27*m + 1539505 = -3*m. What is the units digit of m?
1
Suppose 2*j = 2*i - 0*i + 56, i = -2*j + 62. Suppose j = 3*l + 5*t - 2*t, 5*l - 2*t = 64. Suppose -l*r + 135 = -7*r. What is the tens digit of r?
2
Let t be ((-156)/48)/(1/(-8)). Let w(v) = 42*v - 184. What is the units digit of w(t)?
8
Suppose -37*z + 18288 = 2711. What is the tens digit of z?
2
Let n(g) = 1204*g - 1075. What is the hundreds digit of n(47)?
5
Let p be ((-3)/(-2))/((-2)/64). Let g = p - -35. Let o(k) = -k**3 - 11*k**2 + 18*k - 7. What is the tens digit of o(g)?
9
Let z(w) = 2 + 2*w**2 + 8*w**2 - 1 + 2 - 6*w. Let m be z(4). Suppose -f - m = -o - o, -2*o - 3*f = -135. What is the units digit of o?
9
Let z(g) = 2*g**2 - 45*g - 51. Let h be 162/(-10) - (-64)/(-80). What is the units digit of z(h)?
2
Let z = -6327 + 11380. What is the thousands digit of z?
5
Suppose 0 = -4*t + 3*q - 2320, 4*t + 2*q + 2320 = -0*q. Let d = t - 1109. What is the units digit of 10/25 + d/(-15)?
3
Let x(s) = -1 + 6*s**2 - 3 + 4*s - 7*s. Let h be x(4). Suppose 0 = 5*f - 6*f + h. What is the tens digit of f?
8
Let r be (-237)/6*(-40 - (-42)/7). Let j = 456 + r. What is the thousands digit of j?
1
Let q(r) = -r**2 + 2*r + 51. Let y be q(0). Suppose z - y = -193. Let j = 15 - z. What is the units digit of j?
7
Suppose -910*o = -920*o + 159430. What is the units digit of o?
3
Suppose 41196 = 6*b + 3*g, 72*b - 5*g = 68*b + 27506. What is the tens digit of b?
6
Suppose -5*g = -0*g - 3*i + 12, 0 = 2*g - 2*i + 8. Suppose g = 7*k - 1911 - 1232. What is the units digit of k?
9
Let n = -4978 + 11122. What is the tens digit of n?
4
Suppose 34*g - 124317 = 57054 + 1008561. What is the units digit of g?
8
Suppose -51*z - 55300 = -111*z + 46*z. What is the thousands digit of z?
3
Let p = -186 + 116. Let s = -70 - p. Suppose s = -9*t + 11*t - 166. What is the tens digit of t?
8
Suppose -3*n = 0, 4*s - 45105 - 22431 = -3*n. What is the thousands digit of s?
6
Let s be 120/4*16/10. Let g = s + -43. Suppose -g*r + 220 = 5*i, -52 = -2*i + 5*r + 57. What is the tens digit of i?
4
Let c = 56059 + -34297. What is the thousands digit of c?
1
Let a = -12 - -16. Let w(c) = -139*c**3 - 4*c**2 - c + 2. Let z be w(-2). Suppose -a*s + z = 6*s. What is the tens digit of s?
1
Suppose 0 = -5*n - 2*r - 3355, 6*n - 8*n - 1333 = -r. Let x = n + 1315. What is the units digit of x?
6
Let n(z) = -z**3 + 20*z**2 - 17*z + 24. Let v be (-9)/(-9)*(-1 - -2 - -5). Let w be v + -3 - (-17 + 1). What is the units digit of n(w)?
2
Let s(y) = 2*y**2 + 7*y - 13. Let w = -44 - -39. Let k be s(w). Suppose -b + 65 = -4*z, 5*b = 2*z + k*z + 309. What is the tens digit of b?
6
Let w = 1504 - 1053. Let l = w - 211. What is the units digit of l?
0
Let p = -38514 + 57238. What is the tens digit of p?
2
Suppose 0 = 12*h - 15 - 9. Suppose z - 50 + 534 = h*r, -232 = -r + 3*z. What is the units digit of r?
4
Let u be 13/3 + (-17)/51. Suppose u*m - 368 = -a, m + a - 81 = -2*a. Suppose 97*y - 32 = m*y. What is the units digit of y?
8
Let c(w) = 31*w + 251. Let s be c(-8). Suppose 0 = 4*h - s*d - 0*d - 1569, -5*h + 5*d = -1955. What is the hundreds digit of h?
3
Let x be 1 + -2 - (2 + -6). Let q be (-1*(2 + x))/((-4)/4). Suppose 0 = -4*z - q*n + 51, 0 = 3*z - 4*n + 13 - 90. What is the tens digit of z?
1
Suppose 5*c - 3*c = -4*u + 9490, u = c + 2368. What is the tens digit of u?
7
Suppose 127270 = 54*m - 50*m - 3*n, -3*n = m - 31840. What is the ten thousands digit of m?
3
Let m(b) = -10*b - 73. Let x(a) = 28*a + 220. Let h(n) = 7*m(n) + 2*x(n). What is the units digit of h(-15)?
9
Let c(d) = -8*d**2 + d. Let r be c(-1). Suppose -3*b + 34 = -11. What is the units digit of (-27)/b*30/r?
6
What is the hundreds digit of -1 - 15/(150/(-73970))?
3
Suppose -8*y = 170 + 6. Let o(h) = -h**2 - 23*h - 28. Let z be o(y). What is the units digit of 45/10*(-136)/z?
2
Let t(x) = -x**2 + 8*x + 4. Let k be t(8). Let f(v) = -38*v - 2. Let b(n) = n. Let r(z) = -5*b(z) - f(z). What is the hundreds digit of r(k)?
1
Suppose 0 = -3*d + 9539 + 9754. Let z = -4433 + d. What is the tens digit of z?
9
Let j(t) = t + 3. Let i be j(2). Suppose 0 = i*u - 314 + 19. Suppose -4*w = -65 - u. What is the tens digit of w?
3
Let k(c) = -c**3 + 4*c**2 + 4*c - 7. Let b be k(-3). Let z = -62 + b. Let p(i) = -4*i - 6. What is the units digit of p(z)?
6
Suppose 3*q - 11 = -14. Let k = 106 + q. Suppose -a + m + k = 0, -4*a - 3*m = -206 - 186. What is the hundreds digit of a?
1
Let x(y) = 205*y**2 + 2*y - 1. Let r be x(1). Suppose -135*l + 126*l + 1251 = 0. Let u = r - l. What is the tens digit of u?
6
Suppose -2*w - 2*w + 16 = 0. Let l(n) = -29*n - 143. Let b be l(-5). Suppose -b*f - 3*r + 126 = -4*r, 8 = w*r. What is the tens digit of f?
6
Let r be (56 - -4) + (-8)/(-2). Let h = r - 58. Suppose h*y - 3*y - 111 = 0. What is the units digit of y?
7
Let f = -6811 + 9736. Suppose -6*b + 2985 = -f. What is the hundreds digit of b?
9
Let w(o) = 2*o + 24. Let m be w(-14). Let k be ((-5)/3)/(m/12). Suppose 0 = k*u - 2*c - 269, -2*u + 74 = -c - 33. What is the units digit of u?
5
Let u = 2066 - 2060. What is the units digit of u?
6
Suppose -4*r = 20*l - 19*l - 41027, 3*r + 2*l = 30759. What is the ten thousands digit of r?
1
Let w be (-16)/(-12) - (-1)/(-3). Let n be (w*4/(-6))/(2/(-36)). Suppose t - n + 3 = 0. What is the units digit of t?
9
Let p(x) = 2*x**2 - 30*x + 56. Let u be p(13). Suppose 0 = -u*c + 4, 5*a - 4*c = c + 1265. What is the tens digit of a?
5
Let w = 72 + -69. Suppose -340 = -w*r + 725. What is the tens digit of r?
5
What is the ten thousands digit of ((-1336)/(-501))/(2/14955)?
1
Suppose -5*c + 4906 = 2*j + 28, 3899 = 4*c + 5*j. What is the tens digit of c?
7
Suppose -q = 2*x - 6, 0*x - x + 4*q = 6. Suppose -478 = -x*u - 3*j, 10*j - 7*j = -4*u + 962. What is the hundreds digit of u?
2
Suppose -3*b - 29139 = -5*r, -2*b + 14460 = 3*r - 3031. What is the thousands digit of r?
5
What is the tens digit of ((-469)/35)/(-1*(-7)/(-12565))?
5
Suppose 1 = -2*c + 9. Suppose -2*s + c*s - 391 = -n, -1895 = -5*n + 2*s. Suppose -5*h = -164 - n. What is the hundreds digit of h?
1
Let w = -2736 + 3197. What is the hundreds digit of w?
4
Let k(j) = -3*j**3 - 6*j**2 - 161*j - 39. What is the hundreds digit of k(-15)?
1
Suppose -57*b + 62*b = -1255. Let p = -78 - b. Let t = -95 + p. What is the units digit of t?
8
Suppose 20 = 11*l - 9*l. Let z be (-126)/1 - (l - 6). What is the tens digit of -4 + z/(-2) + 0?
6
Suppose -192*c - 2603 = -3*v - 197*c, -5*v = 4*c - 4360. What is the hundreds digit of v?
8
Suppose -5*s = 2*h - 2984 - 52434, -h + 27709 = 5*s. What is the thousands digit of h?
7
Let m = -555 + 348. Suppose 170 = -2*r + 4*g - 38, g - 107 = r. Let d = r - m. What is the units digit of d?
7
Suppose -16 = s - 9. Let m(c) = c**2 + 2*c - 2. What is the tens digit of m(s)?
3
Suppose 4*v = -3*g - 35, -2*v = g - 0*g + 19. Let c be (7 - 4)/((-3)/v). Suppose 0 = c*y - 9*y - 150. What is the tens digit of y?
7
Suppose 0 = -11*u + 734 + 1829. Let a = u + -81. What is the units digit of a?
2
Let l(z) = -8*z**2 - 41*z + 18. Let u(a) = -12*a**2 - 62*a + 27. Let s(v) = 7*l(v) - 5*u(v). What is the tens digit of s(-18)?
7
Let z be (9 - -3) + -6 - -384. Let h = z + 127. What is the units digit of h?
7
Let d(y) = 1840*y + 157. What is the tens digit of d(9)?
1
Let a be (-1 - -3)/((-2)/(-76)). Suppose -5*z - 15 = 0, 3*z + 17 + a = -g. Let k = -67 - g. What is the units digit of k?
7
Let q be ((-36)/(-45))/((-4)/270). Let x = -23 - q. Let n = x + -24. What is the units digit of n?
7
Suppose 3*t = 21, 157*l + 14746 = 158*l - 2*t. What is the thousands digit of l?
4
Let s(l) = -1